{"id":44,"date":"2021-04-04T16:50:44","date_gmt":"2021-04-04T16:50:44","guid":{"rendered":"https:\/\/devonrex.fi\/wordpress\/?page_id=44"},"modified":"2021-04-04T16:50:44","modified_gmt":"2021-04-04T16:50:44","slug":"mika-devon-rex-suomi","status":"publish","type":"page","link":"http:\/\/devonrex.fi\/?page_id=44","title":{"rendered":"Mik\u00e4 Devon rex Suomi?"},"content":{"rendered":"\n<p>Devon rex Suomi -sivusto on nyt jo lopettaneen Suomen Devonrengas ry:n perint\u00f6\u00e4. Tarkoitus on yll\u00e4pit\u00e4\u00e4 informaatio- ja kuulumistenvaihtokanavaa niin kasvattajille, devon rexien omistajille, sek\u00e4 vasta rotuun tutustuville.\u00a0<\/p>\n\n\n\n<p>Tavoitteenamme on edist\u00e4\u00e4 ja tukea devon rex -kissojen kasvattajia heid\u00e4n kasvatusty\u00f6ss\u00e4\u00e4n sek\u00e4 auttaa lemmikkiomistajia kaikissa devoneita koskevissa asioissa. Sivusto pyrkii toiminnallaan edesauttamaan devon rex -kannan kehittymist\u00e4 terveen\u00e4 ja rodunomaisena sek\u00e4 auttamaan jalostus- ja terveysasioissa.<\/p>\n\n\n\n<p>Sivusto sai alkuunsa kun Suomen Devonrengas ry rekister\u00f6ityi yhdistykseksi ja aloitti toiminnan vuonna 2006. Yhdistys lakkautettiin vuonna 2019 mutta t\u00e4m\u00e4 internetsivusto katsottiin t\u00e4rke\u00e4ksi kanavaksi joten yhdistyksen j\u00e4ljell\u00e4 olevat varat suunnattiin t\u00e4m\u00e4n sivuston yll\u00e4pitoon.<\/p>\n\n\n\n<p>Sivuston yll\u00e4pit\u00e4jin\u00e4 toimii Eva Wallinvirta ja Marja V\u00e4rri.<\/p>\n\n\n\n<p><a href=\"https:\/\/www.facebook.com\/groups\/devonrexsuomi\" data-type=\"URL\" data-id=\"https:\/\/www.facebook.com\/groups\/devonrexsuomi\" target=\"_blank\" rel=\"noreferrer noopener\">Meid\u00e4t l\u00f6yt\u00e4\u00e4 my\u00f6s Facebookista<\/a>.<\/p>\n","protected":false},"excerpt":{"rendered":"<p>Devon rex Suomi -sivusto on nyt jo lopettaneen Suomen Devonrengas ry:n perint\u00f6\u00e4. Tarkoitus on yll\u00e4pit\u00e4\u00e4 informaatio- ja kuulumistenvaihtokanavaa niin kasvattajille, devon rexien omistajille, sek\u00e4 vasta rotuun tutustuville.\u00a0 Tavoitteenamme on edist\u00e4\u00e4 ja tukea devon rex -kissojen kasvattajia heid\u00e4n kasvatusty\u00f6ss\u00e4\u00e4n sek\u00e4 auttaa lemmikkiomistajia kaikissa devoneita koskevissa asioissa. Sivusto pyrkii toiminnallaan edesauttamaan devon rex -kannan kehittymist\u00e4 terveen\u00e4 ja rodunomaisena sek\u00e4 auttamaan jalostus- ja terveysasioissa. Sivusto sai alkuunsa kun Suomen Devonrengas ry rekister\u00f6ityi yhdistykseksi ja aloitti toiminnan vuonna 2006. Yhdistys lakkautettiin vuonna 2019 mutta t\u00e4m\u00e4 internetsivusto katsottiin t\u00e4rke\u00e4ksi kanavaksi joten yhdistyksen j\u00e4ljell\u00e4 olevat varat suunnattiin t\u00e4m\u00e4n sivuston yll\u00e4pitoon. Sivuston yll\u00e4pit\u00e4jin\u00e4 toimii Eva Wallinvirta ja Marja V\u00e4rri. Meid\u00e4t l\u00f6yt\u00e4\u00e4 my\u00f6s Facebookista.<\/p>\n","protected":false},"author":2,"featured_media":0,"parent":0,"menu_order":0,"comment_status":"closed","ping_status":"closed","template":"","meta":{"footnotes":""},"class_list":["post-44","page","type-page","status-publish","hentry"],"_links":{"self":[{"href":"http:\/\/devonrex.fi\/index.php?rest_route=\/wp\/v2\/pages\/44","targetHints":{"allow":["GET"]}}],"collection":[{"href":"http:\/\/devonrex.fi\/index.php?rest_route=\/wp\/v2\/pages"}],"about":[{"href":"http:\/\/devonrex.fi\/index.php?rest_route=\/wp\/v2\/types\/page"}],"author":[{"embeddable":true,"href":"http:\/\/devonrex.fi\/index.php?rest_route=\/wp\/v2\/users\/2"}],"replies":[{"embeddable":true,"href":"http:\/\/devonrex.fi\/index.php?rest_route=%2Fwp%2Fv2%2Fcomments&post=44"}],"version-history":[{"count":0,"href":"http:\/\/devonrex.fi\/index.php?rest_route=\/wp\/v2\/pages\/44\/revisions"}],"wp:attachment":[{"href":"http:\/\/devonrex.fi\/index.php?rest_route=%2Fwp%2Fv2%2Fmedia&parent=44"}],"curies":[{"name":"wp","href":"https:\/\/api.w.org\/{rel}","templated":true}]}}