{"id":38,"date":"2021-04-04T16:49:44","date_gmt":"2021-04-04T16:49:44","guid":{"rendered":"https:\/\/devonrex.fi\/wordpress\/?page_id=38"},"modified":"2021-04-04T16:49:44","modified_gmt":"2021-04-04T16:49:44","slug":"ostajan-opas","status":"publish","type":"page","link":"http:\/\/devonrex.fi\/?page_id=38","title":{"rendered":"Ostajan opas"},"content":{"rendered":"\n<blockquote class=\"wp-block-quote is-layout-flow wp-block-quote-is-layout-flow\"><p>Hankkiessasi devon rexi\u00e4 tulisi sinun kysy\u00e4 itselt\u00e4si jaksatko mahdollisesti aamuralleja kello 4 sunnuntai-aamuisin? Rotu on vilkas ja energinen, pennut eiv\u00e4t ole mit\u00e4\u00e4n sohvaperunoita ja niiden kanssa t\u00e4ytyy tarjota virikkeit\u00e4 etteiv\u00e4t tylsisty ja keksi omia juttuja.&nbsp;<\/p><\/blockquote>\n\n\n\n<p><\/p>\n\n\n\n<p><strong>Devon rexien suosio on kasvanut huimasti viime vuosien aikana. Rodun parissa touhuaa monta uutta harrastajaa ja pentukysynt\u00e4 on suuri.<\/strong> Mist\u00e4 sitten saisi oman pienen kiharakarvaisen? Suomessa devon rex on suhteellisen uusi rotu viel\u00e4kin. Rotua alettiin kasvattaa Suomessa vasta 90-luvulla ja pitk\u00e4nlinjan kasvattajia on harvassa. Sen sijaan moni uusi ihminen on tyk\u00e4stynyt rotuun ja nykyisin on kasvattajia ymp\u00e4ri Suomea.<\/p>\n\n\n\n<p>Pentua etsiess\u00e4 ei kannata rajoittautua vaan ennemminkin l\u00e4hte\u00e4 katsomaan pentuja my\u00f6s pidemm\u00e4lle. Aina se naapurissa kasvava pentue ei ole se paras vaihtoehto. Kasvattajalle kannattaa ensin l\u00e4hett\u00e4\u00e4 s\u00e4hk\u00f6postia tai soittaa. Pentuostajan kannattaa kertoa kasvattajalle itsest\u00e4\u00e4n, aiemmista (tai nykyisist\u00e4) el\u00e4imist\u00e4 ja hieman mink\u00e4laista pentua etsii. Mik\u00e4li kasvattaja ei vastaa parin p\u00e4iv\u00e4n sis\u00e4ll\u00e4 ei kannata huolestua, suurin osa kasvattajista kasvattaa kissoja muun el\u00e4m\u00e4n ohella, joten aina ei ole aikaa vastata heti.<\/p>\n\n\n\n<p><\/p>\n\n\n\n<h4 class=\"wp-block-heading\">Mink\u00e4laista pentua pit\u00e4isi etsi\u00e4?<\/h4>\n\n\n\n<p>Suurin osa pentuostajista haluaa lemmikin ja varmasti kaikki devonit ovat ensisijaisesti lemmikkej\u00e4. Osan kanssa voi kuitenkin k\u00e4yd\u00e4 n\u00e4yttelyiss\u00e4, osalla voi lis\u00e4ksi kasvattaa ja pienell\u00e4 osalla ei voi tehd\u00e4 kumpaakaan.\u00a0<br><br>Kasvattajalle kannattaa ehdottomasti mainita siit\u00e4, mihin tarkoitukseen pentua olisi tarkoitus k\u00e4ytt\u00e4\u00e4 \u2013 jotkut pennut eiv\u00e4t t\u00e4yt\u00e4 syyst\u00e4 tai toisesta n\u00e4yttelystandardia (niiss\u00e4 on jokin pieni virhe) ja jotkut kasvattajat kielt\u00e4v\u00e4t kasvattamisen pennuillaansa. <br><br>Kasvattajalta sinun tulee kysy\u00e4 kaikki mahdollinen mik\u00e4 mieleen tulee ja kertoa kaikki toiveesi pennun suhteen. Hyv\u00e4 kasvattaja kertoo sinulle reilusti kaiken ja kyselee sinulta paljon; ei urkkiakseen vaan saadakseen kokonaiskuvan sinusta ja osatakseen valita sinulle sen sopivimman pennun.<\/p>\n\n\n\n<p><\/p>\n\n\n\n<h4 class=\"wp-block-heading\">Mit\u00e4 tulisi ottaa huomioon, kun k\u00e4y kasvattajalla?<\/h4>\n\n\n\n<p>Ent\u00e4 sitten, kun kasvattajan luona pit\u00e4isi k\u00e4yd\u00e4, mit\u00e4 tulisi ottaa huomioon? Jokainen koti on erilainen, aivan kuten jokainen kasvattajakin \u2013 toisella on siistimp\u00e4\u00e4 kuin toisella, toisella enemm\u00e4n kissoja kuin edellisell\u00e4. <strong>Nyrkkis\u00e4\u00e4nt\u00f6n\u00e4 voi kuitenkin pit\u00e4\u00e4, ett\u00e4 kasvattajan tulisi p\u00e4\u00e4st\u00e4\u00e4 sinut kotiinsa katsomaan pentuja ja, ett\u00e4 talouden el\u00e4inten tulisi n\u00e4ytt\u00e4\u00e4 terveilt\u00e4.<\/strong> Kissanpissa haisee, mutta ei niin, ett\u00e4 vesi valuu silmist\u00e4. T\u00e4ss\u00e4 saa k\u00e4ytt\u00e4\u00e4 maalaisj\u00e4rke\u00e4: kissojen ei tulisi n\u00e4ytt\u00e4\u00e4 aliravituilta, niill\u00e4 ei pit\u00e4isi olla flunssan oireita (vuotava nen\u00e4\/silm\u00e4t) ja niiden ei tulisi olla arkoja \u2013 tosin yksil\u00f6eroja on, mutta ep\u00e4ilytt\u00e4v\u00e4\u00e4 on, jos talouden kaikki kissat ovat eritt\u00e4in arkoja eteenkin, kun kyseess\u00e4 on hyvin sosiaalinen rotu.<\/p>\n\n\n\n<p>Devoneilla saattaa olla vaihteleva karva, karvattomuus ei kieli sairaudesta yht\u00e4lailla kuin karvallinen ei kerro kissan olevan terve. Kasvattajan kanssa kannattaa jutella kasvatustavoitteista, mit\u00e4 kyseisess\u00e4 pentueessa haluttiin parantaa, mink\u00e4laiset vanhemmat ovat, tiedossa olevat terveysongelmat yms. Lopullisessa p\u00e4\u00e4t\u00f6ksess\u00e4 kannattaa mietti\u00e4 erityisesti seuraavia asioita; onko kasvattaja p\u00e4tev\u00e4n oloinen, tuletteko hyvin toimeen kesken\u00e4nne, onko pentu hyv\u00e4ss\u00e4 kunnossa, oliko pennuilla hyv\u00e4t puitteet (puhdas hiekkalaatikko, siistit kupit, tarpeeksi virikkeita, jne.) sek\u00e4 olivatko talouden muut el\u00e4imet terveen n\u00e4k\u00f6isi\u00e4? <br><\/p>\n\n\n\n<figure class=\"wp-block-pullquote\"><blockquote><p><strong>Pentua ei tarvitse ostaa ensimm\u00e4isest\u00e4 kodista, pentuostajalla on oikeus itse valita pentunsa.<\/strong>&nbsp;<\/p><\/blockquote><\/figure>\n\n\n\n<p><br>Kasvattajan tulisi olla pentuostajan tukena ja turvana loppuel\u00e4m\u00e4n, joten mik\u00e4s sen parempaa kuin l\u00f6yt\u00e4\u00e4 kasvattajan jonka kanssa kemiat kohtaavat.\u00a0Se, ett\u00e4 k\u00e4y kasvattajan luona katsomassa pentuja ei sido mill\u00e4\u00e4n tavoin ostamaan pentua juuri silt\u00e4 kasvattajalta. On suositeltavaa, ett\u00e4 k\u00e4y ainakin parin kasvattajan luona katselemassa erilaisia kissoja ja tutustumassa rotuun, jotta voi muodostaa yleiskuvan siit\u00e4, mik\u00e4 on normaalia ja mik\u00e4 ei.\u00a0<\/p>\n\n\n\n<h4 class=\"wp-block-heading\"><br>Paljonko pentu maksaa?<\/h4>\n\n\n\n<p>Jokainen kasvattaja hinnoittelee itse pentunsa, mutta t\u00e4ss\u00e4 p\u00e4tee se, ett\u00e4 halpa ei ole aina hyv\u00e4. Sairas tai huonokuntoinen kissa on ajan saatossa huomattavasti kalliimpi kuin alunperin hieman kalliimpi, hyv\u00e4st\u00e4 kodista ostettu pentu. Pentujen hinnat ovat karkeasti yleist\u00e4en n. 900-1400\u20ac.<\/p>\n\n\n\n<p>Suurin osa kasvattajista hinnoittelee kasvattinsa seuraavasti: lemmikkitasoinen, n\u00e4yttelytasoinen ja kasvatustasoinen, josta halvin on lemmikki ja kallein kasvatus. Vaikka kissa olisikin pelkk\u00e4 lemmikki kotona se ei tarkoita, ett\u00e4 se myyd\u00e4\u00e4n lemmikkitasoisena. Koska devon rexill\u00e4 sallitaan kaikki v\u00e4rit ns. v\u00e4rivirheellisi\u00e4 ei synny. T\u00e4m\u00e4 my\u00f6s tarkoittaa sit\u00e4, ett\u00e4 lemmikkipentuja on eritt\u00e4in harvoin tarjolla (lemmikkipentu = pentu jossa on \u201cvika\u201d, esim. h\u00e4nt\u00e4mutka tai napatyr\u00e4). Suurin osa pennuista myyd\u00e4\u00e4n n\u00e4yttelytasoisina. T\u00e4m\u00e4 ei toki tarkoita, ett\u00e4 pentuja pit\u00e4isi n\u00e4yttelytt\u00e4\u00e4 vaan, ett\u00e4 pentu on rotum\u00e4\u00e4ritelm\u00e4n mukainen eik\u00e4 siin\u00e4 ole synnynn\u00e4isi\u00e4 virheit\u00e4. Hyv\u00e4 kasvattaja k\u00e4ytt\u00e4\u00e4 pentua myydess\u00e4 myyntisopimusta (joko Kissaliiton laatima tai itsetehty sopimus). Myyntisopimuksessa kerrotaan yleens\u00e4 siitosk\u00e4yt\u00f6st\u00e4 ja osto-oikeuksista, yms. Myyntisopimus kaupasta on aina hyv\u00e4 olla, se turvaa sek\u00e4 ostajan, ett\u00e4 myyj\u00e4n.<\/p>\n\n\n\n<p>Jos olet v\u00e4h\u00e4nk\u00e4\u00e4n ep\u00e4varma, ett\u00e4 kasvattaja ei ole rehellinen, \u00e4l\u00e4 osta pentua vaan selvit\u00e4 onko kyseinen kasvattaja luotettava esimerkiksi olemalla yhteydess\u00e4 kyseisen kasvattajan kissayhdistykseen tai suoraan Kissaliittoon.\u00a0<br><br><strong>Kissaliiton s\u00e4\u00e4nt\u00f6jen mukaan pennut on luovutettava tervein\u00e4, kahdesti rokotettuina\u00a0ja tunnistusmerkittyin\u00e4, yli kilon painoisina ja hyv\u00e4kuntoisina sek\u00e4\u00a0aikaisintaan 14 viikon ik\u00e4isin\u00e4<\/strong>. Alin luovutusik\u00e4 on ehdoton. Esimerkiksi perjantaina syntyneet pennut voi luovuttaa aikaisintaan sin\u00e4 perjantaina, kun ne t\u00e4ytt\u00e4v\u00e4t 14 viikkoa. Puhtaalla devon rexill\u00e4 on aina rekisterikirja, kissoja ei saa my\u00f6hemmin rekisteriin, eik\u00e4 rekister\u00f6im\u00e4tt\u00f6m\u00e4ll\u00e4 kissalla saa osallistua n\u00e4yttelyihin.<\/p>\n\n\n\n<p><\/p>\n\n\n\n<blockquote class=\"wp-block-quote is-layout-flow wp-block-quote-is-layout-flow\"><p>Muista aina pyyt\u00e4\u00e4 kirjallista myyntisopimusta \u2013 t\u00e4m\u00e4 on molempien osapuolten turvaamiseksi.<\/p><\/blockquote>\n\n\n\n<p><\/p>\n\n\n\n<h4 class=\"wp-block-heading\">Mist\u00e4 koostuu devon rexin hinta<\/h4>\n\n\n\n<ol class=\"wp-block-list\"><li>Astutusreissu uroksen luokse<\/li><li>Astutusmaksut uroksen omistajalle \u2013 n. 100-150e \/pentu + hyppymaksu<\/li><li>Emon testit (FIV, FeLV, sieni, veriryhm\u00e4m\u00e4\u00e4ritykset) \u2013 n. 300e<\/li><li>Mahdolliset lis\u00e4testit (esim. HCM, PKD, CMS, patella luksaatio) \u2013 n. 400e++<\/li><li>Jalostuskissan vakuutus n. 150e \/vuosi<\/li><li>Emon ja pentujen (3 viikosta eteenp\u00e4in) ruokinta- ja hiekkakulut<\/li><li>Mahdolliset ongelmat, esim. keisarinleikkaus on n. 700-1000e.<\/li><li>Pentujen rokotukset (pennut v\u00e4h. 2 kertaa ennen luovutusta) ja madotukset \u2013 n. 150-250e\/pentu<\/li><li>Pentujen rekister\u00f6inti \u2013 30e \/pentu (FIFe rekister\u00f6inti)<\/li><li>Mahdollisesti varhaiskastrointi\/-sterilisaatio \u2013 n. 110-180e \/pentu<\/li><li>Pentupakkaukset<\/li><li>Kaikki se aika ja ty\u00f6 mit\u00e4 pentueen kasvattaminen vie&nbsp;<\/li><\/ol>\n\n\n\n<p>Yll\u00e4 olevasta listasta n\u00e4et karkeasti hinnoiteltuna mit\u00e4 asioita kuuluu rotukissojen kasvatukseen. N\u00e4iden kulujen lis\u00e4ksi on toki esim. tuontikissojen kulut (yksi tuontikissa maksaa maasta riippuen 1500-4000e).&nbsp;<br><br>Pentutehtailijat j\u00e4tt\u00e4v\u00e4t usein monet asiat \u201ckasvatuksestaan\u201d pois, varsinkin ne terveyteen t\u00e4ht\u00e4\u00e4v\u00e4t testit siksi, ett\u00e4 ne maksavat eniten. Sellaisen kasvatuksen suosiminen vain jatkaa tehtailua ja tuottaa lis\u00e4\u00e4 mahdollisesti sairaita pentuja, joista kulut lankeavat aina ostajalle, eiv\u00e4t koskaan myyj\u00e4lle.<\/p>\n","protected":false},"excerpt":{"rendered":"<p>Hankkiessasi devon rexi\u00e4 tulisi sinun kysy\u00e4 itselt\u00e4si jaksatko mahdollisesti aamuralleja kello 4 sunnuntai-aamuisin? Rotu on vilkas ja energinen, pennut eiv\u00e4t ole mit\u00e4\u00e4n sohvaperunoita ja niiden kanssa t\u00e4ytyy tarjota virikkeit\u00e4 etteiv\u00e4t tylsisty ja keksi omia juttuja.&nbsp; Devon rexien suosio on kasvanut huimasti viime vuosien aikana. Rodun parissa touhuaa monta uutta harrastajaa ja pentukysynt\u00e4 on suuri. Mist\u00e4 sitten saisi oman pienen kiharakarvaisen? Suomessa devon rex on suhteellisen uusi rotu viel\u00e4kin. Rotua alettiin kasvattaa Suomessa vasta 90-luvulla ja pitk\u00e4nlinjan kasvattajia on harvassa. Sen sijaan moni uusi ihminen on tyk\u00e4stynyt rotuun ja nykyisin on kasvattajia ymp\u00e4ri Suomea. Pentua etsiess\u00e4 ei kannata rajoittautua vaan ennemminkin l\u00e4hte\u00e4 katsomaan pentuja my\u00f6s pidemm\u00e4lle. Aina se naapurissa kasvava pentue ei ole se paras vaihtoehto. Kasvattajalle kannattaa ensin l\u00e4hett\u00e4\u00e4 s\u00e4hk\u00f6postia tai soittaa. Pentuostajan kannattaa kertoa kasvattajalle itsest\u00e4\u00e4n, aiemmista (tai nykyisist\u00e4) el\u00e4imist\u00e4 ja hieman mink\u00e4laista pentua etsii. Mik\u00e4li kasvattaja ei vastaa parin p\u00e4iv\u00e4n sis\u00e4ll\u00e4 ei kannata huolestua, suurin osa kasvattajista kasvattaa kissoja muun el\u00e4m\u00e4n ohella, joten aina ei ole aikaa vastata heti. Mink\u00e4laista pentua pit\u00e4isi etsi\u00e4? Suurin osa pentuostajista haluaa lemmikin ja varmasti kaikki devonit ovat ensisijaisesti lemmikkej\u00e4. Osan kanssa voi kuitenkin k\u00e4yd\u00e4 n\u00e4yttelyiss\u00e4, osalla voi lis\u00e4ksi kasvattaa ja pienell\u00e4 osalla ei voi tehd\u00e4 kumpaakaan.\u00a0 Kasvattajalle kannattaa ehdottomasti mainita siit\u00e4, mihin tarkoitukseen pentua olisi tarkoitus k\u00e4ytt\u00e4\u00e4 \u2013 jotkut pennut eiv\u00e4t t\u00e4yt\u00e4 syyst\u00e4 tai toisesta n\u00e4yttelystandardia (niiss\u00e4 on jokin pieni virhe) ja jotkut kasvattajat kielt\u00e4v\u00e4t kasvattamisen pennuillaansa. Kasvattajalta sinun tulee kysy\u00e4 kaikki mahdollinen mik\u00e4 mieleen tulee ja kertoa kaikki toiveesi pennun suhteen. Hyv\u00e4 kasvattaja kertoo sinulle reilusti kaiken ja kyselee sinulta paljon; ei urkkiakseen vaan saadakseen kokonaiskuvan sinusta ja osatakseen valita sinulle sen sopivimman pennun. Mit\u00e4 tulisi ottaa huomioon, kun k\u00e4y kasvattajalla? Ent\u00e4 sitten, kun kasvattajan luona pit\u00e4isi k\u00e4yd\u00e4, mit\u00e4 tulisi ottaa huomioon? Jokainen koti on erilainen, aivan kuten jokainen kasvattajakin \u2013 toisella on siistimp\u00e4\u00e4 kuin toisella, toisella enemm\u00e4n kissoja kuin edellisell\u00e4. Nyrkkis\u00e4\u00e4nt\u00f6n\u00e4 voi kuitenkin pit\u00e4\u00e4, ett\u00e4 kasvattajan tulisi p\u00e4\u00e4st\u00e4\u00e4 sinut kotiinsa katsomaan pentuja ja, ett\u00e4 talouden el\u00e4inten tulisi n\u00e4ytt\u00e4\u00e4 terveilt\u00e4. Kissanpissa haisee, mutta ei niin, ett\u00e4 vesi valuu silmist\u00e4. T\u00e4ss\u00e4 saa k\u00e4ytt\u00e4\u00e4 maalaisj\u00e4rke\u00e4: kissojen ei tulisi n\u00e4ytt\u00e4\u00e4 aliravituilta, niill\u00e4 ei pit\u00e4isi olla flunssan oireita (vuotava nen\u00e4\/silm\u00e4t) ja niiden ei tulisi olla arkoja \u2013 tosin yksil\u00f6eroja on, mutta ep\u00e4ilytt\u00e4v\u00e4\u00e4 on, jos talouden kaikki kissat ovat eritt\u00e4in arkoja eteenkin, kun kyseess\u00e4 on hyvin sosiaalinen rotu. Devoneilla saattaa olla vaihteleva karva, karvattomuus ei kieli sairaudesta yht\u00e4lailla kuin karvallinen ei kerro kissan olevan terve. Kasvattajan kanssa kannattaa jutella kasvatustavoitteista, mit\u00e4 kyseisess\u00e4 pentueessa haluttiin parantaa, mink\u00e4laiset vanhemmat ovat, tiedossa olevat terveysongelmat yms. Lopullisessa p\u00e4\u00e4t\u00f6ksess\u00e4 kannattaa mietti\u00e4 erityisesti seuraavia asioita; onko kasvattaja p\u00e4tev\u00e4n oloinen, tuletteko hyvin toimeen kesken\u00e4nne, onko pentu hyv\u00e4ss\u00e4 kunnossa, oliko pennuilla hyv\u00e4t puitteet (puhdas hiekkalaatikko, siistit kupit, tarpeeksi virikkeita, jne.) sek\u00e4 olivatko talouden muut el\u00e4imet terveen n\u00e4k\u00f6isi\u00e4? Pentua ei tarvitse ostaa ensimm\u00e4isest\u00e4 kodista, pentuostajalla on oikeus itse valita pentunsa.&nbsp; Kasvattajan tulisi olla pentuostajan tukena ja turvana loppuel\u00e4m\u00e4n, joten mik\u00e4s sen parempaa kuin l\u00f6yt\u00e4\u00e4 kasvattajan jonka kanssa kemiat kohtaavat.\u00a0Se, ett\u00e4 k\u00e4y kasvattajan luona katsomassa pentuja ei sido mill\u00e4\u00e4n tavoin ostamaan pentua juuri silt\u00e4 kasvattajalta. On suositeltavaa, ett\u00e4 k\u00e4y ainakin parin kasvattajan luona katselemassa erilaisia kissoja ja tutustumassa rotuun, jotta voi muodostaa yleiskuvan siit\u00e4, mik\u00e4 on normaalia ja mik\u00e4 ei.\u00a0 Paljonko pentu maksaa? Jokainen kasvattaja hinnoittelee itse pentunsa, mutta t\u00e4ss\u00e4 p\u00e4tee se, ett\u00e4 halpa ei ole aina hyv\u00e4. Sairas tai huonokuntoinen kissa on ajan saatossa huomattavasti kalliimpi kuin alunperin hieman kalliimpi, hyv\u00e4st\u00e4 kodista ostettu pentu. Pentujen hinnat ovat karkeasti yleist\u00e4en n. 900-1400\u20ac. Suurin osa kasvattajista hinnoittelee kasvattinsa seuraavasti: lemmikkitasoinen, n\u00e4yttelytasoinen ja kasvatustasoinen, josta halvin on lemmikki ja kallein kasvatus. Vaikka kissa olisikin pelkk\u00e4 lemmikki kotona se ei tarkoita, ett\u00e4 se myyd\u00e4\u00e4n lemmikkitasoisena. Koska devon rexill\u00e4 sallitaan kaikki v\u00e4rit ns. v\u00e4rivirheellisi\u00e4 ei synny. T\u00e4m\u00e4 my\u00f6s tarkoittaa sit\u00e4, ett\u00e4 lemmikkipentuja on eritt\u00e4in harvoin tarjolla (lemmikkipentu = pentu jossa on \u201cvika\u201d, esim. h\u00e4nt\u00e4mutka tai napatyr\u00e4). Suurin osa pennuista myyd\u00e4\u00e4n n\u00e4yttelytasoisina. T\u00e4m\u00e4 ei toki tarkoita, ett\u00e4 pentuja pit\u00e4isi n\u00e4yttelytt\u00e4\u00e4 vaan, ett\u00e4 pentu on rotum\u00e4\u00e4ritelm\u00e4n mukainen eik\u00e4 siin\u00e4 ole synnynn\u00e4isi\u00e4 virheit\u00e4. Hyv\u00e4 kasvattaja k\u00e4ytt\u00e4\u00e4 pentua myydess\u00e4 myyntisopimusta (joko Kissaliiton laatima tai itsetehty sopimus). Myyntisopimuksessa kerrotaan yleens\u00e4 siitosk\u00e4yt\u00f6st\u00e4 ja osto-oikeuksista, yms. Myyntisopimus kaupasta on aina hyv\u00e4 olla, se turvaa sek\u00e4 ostajan, ett\u00e4 myyj\u00e4n. Jos olet v\u00e4h\u00e4nk\u00e4\u00e4n ep\u00e4varma, ett\u00e4 kasvattaja ei ole rehellinen, \u00e4l\u00e4 osta pentua vaan selvit\u00e4 onko kyseinen kasvattaja luotettava esimerkiksi olemalla yhteydess\u00e4 kyseisen kasvattajan kissayhdistykseen tai suoraan Kissaliittoon.\u00a0 Kissaliiton s\u00e4\u00e4nt\u00f6jen mukaan pennut on luovutettava tervein\u00e4, kahdesti rokotettuina\u00a0ja tunnistusmerkittyin\u00e4, yli kilon painoisina ja hyv\u00e4kuntoisina sek\u00e4\u00a0aikaisintaan 14 viikon ik\u00e4isin\u00e4. Alin luovutusik\u00e4 on ehdoton. Esimerkiksi perjantaina syntyneet pennut voi luovuttaa aikaisintaan sin\u00e4 perjantaina, kun ne t\u00e4ytt\u00e4v\u00e4t 14 viikkoa. Puhtaalla devon rexill\u00e4 on aina rekisterikirja, kissoja ei saa my\u00f6hemmin rekisteriin, eik\u00e4 rekister\u00f6im\u00e4tt\u00f6m\u00e4ll\u00e4 kissalla saa osallistua n\u00e4yttelyihin. Muista aina pyyt\u00e4\u00e4 kirjallista myyntisopimusta \u2013 t\u00e4m\u00e4 on molempien osapuolten turvaamiseksi. Mist\u00e4 koostuu devon rexin hinta Astutusreissu uroksen luokse Astutusmaksut uroksen omistajalle \u2013 n. 100-150e \/pentu + hyppymaksu Emon testit (FIV, FeLV, sieni, veriryhm\u00e4m\u00e4\u00e4ritykset) \u2013 n. 300e Mahdolliset lis\u00e4testit (esim. HCM, PKD, CMS, patella luksaatio) \u2013 n. 400e++ Jalostuskissan vakuutus n. 150e \/vuosi Emon ja pentujen (3 viikosta eteenp\u00e4in) ruokinta- ja hiekkakulut Mahdolliset ongelmat, esim. keisarinleikkaus on n. 700-1000e. Pentujen rokotukset (pennut v\u00e4h. 2 kertaa ennen luovutusta) ja madotukset \u2013 n. 150-250e\/pentu Pentujen rekister\u00f6inti \u2013 30e \/pentu (FIFe rekister\u00f6inti) Mahdollisesti varhaiskastrointi\/-sterilisaatio \u2013 n. 110-180e \/pentu Pentupakkaukset Kaikki se aika ja ty\u00f6 mit\u00e4 pentueen kasvattaminen vie&nbsp; Yll\u00e4 olevasta listasta n\u00e4et karkeasti hinnoiteltuna mit\u00e4 asioita kuuluu rotukissojen kasvatukseen. N\u00e4iden kulujen lis\u00e4ksi on toki esim. tuontikissojen kulut (yksi tuontikissa maksaa maasta riippuen 1500-4000e).&nbsp; Pentutehtailijat j\u00e4tt\u00e4v\u00e4t usein monet asiat \u201ckasvatuksestaan\u201d pois, varsinkin ne terveyteen t\u00e4ht\u00e4\u00e4v\u00e4t testit siksi, ett\u00e4 ne maksavat eniten. Sellaisen kasvatuksen suosiminen vain jatkaa tehtailua ja tuottaa lis\u00e4\u00e4 mahdollisesti sairaita pentuja, joista kulut lankeavat aina ostajalle, eiv\u00e4t koskaan myyj\u00e4lle.<\/p>\n","protected":false},"author":2,"featured_media":0,"parent":0,"menu_order":0,"comment_status":"closed","ping_status":"closed","template":"","meta":{"footnotes":""},"class_list":["post-38","page","type-page","status-publish","hentry"],"_links":{"self":[{"href":"http:\/\/devonrex.fi\/index.php?rest_route=\/wp\/v2\/pages\/38","targetHints":{"allow":["GET"]}}],"collection":[{"href":"http:\/\/devonrex.fi\/index.php?rest_route=\/wp\/v2\/pages"}],"about":[{"href":"http:\/\/devonrex.fi\/index.php?rest_route=\/wp\/v2\/types\/page"}],"author":[{"embeddable":true,"href":"http:\/\/devonrex.fi\/index.php?rest_route=\/wp\/v2\/users\/2"}],"replies":[{"embeddable":true,"href":"http:\/\/devonrex.fi\/index.php?rest_route=%2Fwp%2Fv2%2Fcomments&post=38"}],"version-history":[{"count":0,"href":"http:\/\/devonrex.fi\/index.php?rest_route=\/wp\/v2\/pages\/38\/revisions"}],"wp:attachment":[{"href":"http:\/\/devonrex.fi\/index.php?rest_route=%2Fwp%2Fv2%2Fmedia&parent=38"}],"curies":[{"name":"wp","href":"https:\/\/api.w.org\/{rel}","templated":true}]}}